 2
10
-c (base 15) to base 12
-10
What is -a (base 15) in base 13?
-a
Convert -1 (base 14) to base 9.
-1
What is 112 (base 15) in base 6?
1042
Convert 0 (base 6) to base 5.
0
What is -4 (base 14) in base 5?
-4
Convert 24 (base 9) to base 14.
18
-10011100 (base 2) to base 6
-420
What is 58 (base 11) in base 16?
3f
Convert 450 (base 8) to base 14.
172
Convert 4 (base 16) to base 10.
4
10 (base 13) to base 5
23
-3 (base 15) to base 10
-3
What is -5 (base 10) in base 12?
-5
What is -14 (base 11) in base 2?
-1111
Convert -5 (base 7) to base 13.
-5
What is -3 (base 6) in base 4?
-3
-40 (base 11) to base 5
-134
Convert -b1 (base 12) to base 13.
-a3
-3b (base 15) to base 5
-211
What is 3 (base 14) in base 6?
3
What is 30 (base 7) in base 12?
19
a2 (base 16) to base 2
10100010
1a (base 14) to base 10
24
What is -101000 (base 2) in base 12?
-34
Convert -35 (base 8) to base 12.
-25
What is -36 (base 7) in base 6?
-43
What is 34 (base 9) in base 4?
133
Convert -10011 (base 2) to base 15.
-14
What is b (base 16) in base 11?
10
What is 26 (base 7) in base 4?
110
Convert -17 (base 12) to base 10.
-19
What is -f (base 16) in base 13?
-12
What is -1022 (base 5) in base 6?
-345
12e (base 16) to base 14
178
-10 (base 3) to base 12
-3
c1 (base 15) to base 4
2311
What is 2 (base 9) in base 5?
2
Convert 0 (base 4) to base 10.
0
Convert 22 (base 6) to base 5.
24
11 (base 4) to base 6
5
-2 (base 11) to base 7
-2
-b (base 15) to base 4
-23
Convert 1104 (base 6) to base 7.
514
-5 (base 9) to base 4
-11
4 (base 6) to base 10
4
What is 11011 (base 2) in base 13?
21
Convert -12 (base 10) to base 8.
-14
What is 22 (base 4) in base 14?
a
Convert 11 (base 2) to base 10.
3
Convert -4 (base 8) to base 12.
-4
What is 34 (base 11) in base 9?
41
-59 (base 10) to base 8
-73
Convert -14 (base 15) to base 7.
-25
-1311 (base 5) to base 8
-316
What is 7 (base 11) in base 3?
21
-4 (base 13) to base 6
-4
What is 10011001 (base 2) in base 15?
a3
-313 (base 6) to base 10
-117
Convert -2111 (base 4) to base 13.
-b6
222 (base 3) to base 8
32
What is 1f (base 16) in base 8?
37
48 (base 11) to base 7
103
7b (base 13) to base 8
146
2 (base 14) to base 12
2
Convert 40 (base 9) to base 14.
28
-6 (base 13) to base 7
-6
Convert -5a (base 12) to base 3.
-2121
7 (base 13) to base 2
111
Convert -100010 (base 2) to base 4.
-202
What is 0 (base 4) in base 7?
0
12 (base 7) to base 9
10
What is 7 (base 14) in base 3?
21
What is 12 (base 5) in base 11?
7
311 (base 6) to base 13
8b
Convert 1 (base 13) to base 16.
1
What is 21 (base 11) in base 15?
18
What is -d (base 15) in base 4?
-31
Convert -36 (base 16) to base 2.
-110110
What is -14 (base 8) in base 16?
-c
Convert -3 (base 6) to base 14.
-3
What is -11 (base 16) in base 2?
-10001
What is 1011 (base 2) in base 9?
12
-3 (base 8) to base 16
-3
-31 (base 5) to base 8
-20
23 (base 4) to base 14
b
Convert -99 (base 16) to base 11.
-12a
Convert -10101111 (base 2) to base 10.
-175
What is 0 (base 2) in base 16?
0
Convert 3 (base 16) to base 6.
3
What is -1 (base 5) in base 9?
-1
201 (base 5) to base 4
303
What is -2 (base 10) in base 8?
-2
What is 2020 (base 3) in base 11?
55
What is -1 (base 11) in base 5?
-1
-28 (base 9) to base 6
-42
-513 (base 7) to base 11
-212
What is -c (base 13) in base 11?
-11
4 (base 7) to base 5
4
What is -10021 (base 3) in base 4?
-1120
Convert -37 (base 8) to base 10.
-31
1 (base 7) to base 13
1
-14 (base 13) to base 11
-16
11 (base 16) to base 12
15
What is 5 (base 10) in base 9?
5
Convert -1010 (base 2) to base 13.
-a
Convert 1 (base 14) to base 3.
1
-8 (base 10) to base 16
-8
10 (base 14) to base 6
22
Convert -382 (base 9) to base 3.
-102202
What is 5c (base 13) in base 3?
2212
Convert 40 (base 7) to base 11.
26
433 (base 6) to base 2
10100101
-1 (base 4) to base 6
-1
18 (base 14) to base 16
16
What is 4b (base 16) in base 2?
1001011
4 (base 13) to base 12
4
What is 4 (base 8) in base 10?
4
31 (base 8) to base 3
221
-63 (base 14) to base 10
-87
16 (base 10) to base 16
10
What is 1 (base 13) in base 16?
1
81 (base 14) to base 3
11012
What is -2 (base 7) in base 8?
-2
7 (base 12) to base 9
7
Convert 84 (base 9) to base 2.
1001100
Convert -6 (base 15) to base 11.
-6
-1112 (base 3) to base 7
-56
Convert -1000 (base 2) to base 4.
-20
What is -14 (base 8) in base 15?
-c
Convert -323 (base 10) to base 11.
-274
-23 (base 5) to base 10
-13
What is -1 (base 10) in base 14?
-1
-51 (base 7) to base 5
-121
What is -4 (base 6) in base 10?
-4
5 (base 8) to base 11
5
What is -2 (base 3) in base 14?
-2
10 (base 6) to base 11
6
Convert 41 (base 5) to base 9.
23
-3 (base 9) to base 13
-3
0 (base 9) to base 2
0
-3 (base 5) to base 7
-3
-1043 (base 5) to base 9
-174
0 (base 12) to base 2
0
Convert -14 (base 6) to base 13.
-a
-1000001 (base 2) to base 7
-122
Convert -1010 (base 2) to base 10.
-10
12 (base 3) to base 7
5
-5 (base 13) to base 11
-5
-17 (base 12) to base 5
-34
1050 (base 7) to base 11
314
Convert -2 (base 15) to base 2.
-10
-1 (base 3) to base 6
-1
-9 (base 13) to base 4
-21
What is -c (base 15) in base 4?
-30
What is -10011110 (base 2) in base 7?
-314
104 (base 6) to base 8
50
Convert -30 (base 12) to base 13.
-2a
-21 (base 9) to base 10
-19
What is 4 (base 5) in base 4?
10
Convert -32 (base 11) to base 16.
-23
Convert 221 (base 3) to base 4.
121
Convert -82 (base 10) to base 15.
-57
-a9 (base 13) to base 6
-351
-3 (base 4) to base 3
-10
Convert -28 (base 10) to base 11.
-26
-242 (base 6) to base 2
-1100010
55 (base 7) to base 13
31
What is 4 (base 6) in base 16?
4
18 (base 11) to base 2
10011
-3 (base 10) to base 6
-3
Convert 4 (base 8) to base 2.
100
What is -22 (base 5) in base 7?
-15
Convert 101101 (base 2) to base 7.
63
What is 5 (base 8) in base 14?
5
Convert 11 (base 5) to base 11.
6
Convert 3 (base 7) to base 10.
3
1a (base 11) to base 7
30
Convert -2 (base 16) to base 9.
-2
What is -3 (base 6) in base 8?
-3
0 (base 11) to base 2
0
What is -13 (base 6) in base 2?
-1001
-4 (base 12) to base 5
-4
What is 11 (base 9) in base 3?
101
Convert -5 (base 14) to base 13.
-5
What is -157 (base 13) in base 3?
-22221
Convert -111 (base 14) to base 16.
-d3
63 (base 8) to base 9
56
ac (base 15) to base 14
b8
What is -16 (base 8) in base 14?
-10
Convert -7 (base 14) to base 16.
-7
Convert 21 (base 8) to base 9.
18
What is 100100111 (base 2) in base 7?
601
Convert 1d (base 15) to base 3.
1001
-110121 (base 3) to base 12
-244
What is 11101000 (base 2) in base 8?
350
What is -2001 (base 3) in base 10?
-55
Convert 3 (base 10) to base 9.
3
Convert 1110 (base 2) to base 15.
e
What is -2031 (base 4) in base 8?
-215
5 (base 10) to base 12
5
5 (base 7) to base 2
101
Convert 410 (base 5) to base 6.
253
Convert -424 (base 5) to base 13.
-8a
3 (base 10) to base 4
3
-6 (base 9) to base 3
-20
-13 (base 5) to base 3
-22
What is -2 (base 4) in base 7?
-2
-a (base 16) to base 4
-22
Convert 8 (base 15) to base 3.
22
Convert 3 (base 5) to base 3.
10
Convert -3 (base 4) to base 3.
-10
13 (base 4) to base 12
7
What is 58 (base 11) in base 12?
53
What is -206 (base 10) in base 5?
-1311
14 (base 13) to base 11
16
31 (base 4) to base 15
d
What is 3 (base 5) in base 10?
3
Convert 2 (base 3) to base 16.
2
What is 1b (base 12) in base 5?
43
What is c6 (base 13) in base 15?
ac
-6 (base 12) to base 14
-6
Convert 2 (base 16) to base 14.
2
25 (base 6) to base 10
17
Convert 2 (base 10) to base 7.
2
Convert -4b (base 12) to base 3.
-2012
What is -8b (base 16) in base 14?
-9d
What is -3c (base 13) in base 4?
-303
What is 9a (base 15) in base 5?
1040
Convert 3 (base 15) to base 8.
3
-52 (base 7) to base 16
-25
32 (base 7) to base 12
1b
-33 (base 16) to base 5
-201
-120001 (base 3) to base 15
-1c1
Convert 36 (base 9) to base 5.
113
0 (base 14) to base 13
0
Convert -202 (base 10) to base 16.
-ca
Convert -1302 (base 4) to base 5.
-424
What is 7 (base 14) in base 15?
7
d4 (base 14) to base 9
226
1 (base 14) to base 6
1
What is 11001 (base 2) in base 7?
34
4 (base 13) to base 8
4
What is 511 (base 6) in base 3?
20221
What is -1 (base 13) in base 4?
-1
Convert 1000 (base 2) to base 16.
8
15 (base 10) to base 8
17
30 (base 6) to base 4
102
Convert -2 (base 7) to base 3.
-2
321 (base 5) to base 6
222
What is 28 (base 10) in base 16?
1c
37 (base 9) to base 8
42
What is -2 (base 4